 70 and 385?
35
Calculate the greatest common divisor of 19 and 7220.
19
Calculate the highest common divisor of 66 and 11.
11
What is the highest common factor of 11 and 473?
11
Calculate the greatest common divisor of 20 and 12632.
4
Calculate the greatest common factor of 2754 and 34.
34
Calculate the highest common divisor of 31 and 961.
31
What is the greatest common divisor of 498 and 222?
6
What is the highest common divisor of 3 and 72?
3
Calculate the greatest common factor of 11649 and 33.
33
What is the highest common factor of 28 and 175?
7
What is the greatest common divisor of 128 and 40?
8
What is the greatest common factor of 19 and 152?
19
What is the highest common divisor of 104 and 13?
13
What is the highest common factor of 24 and 4648?
8
What is the highest common factor of 132 and 1628?
44
Calculate the greatest common factor of 589 and 93.
31
Calculate the highest common divisor of 6 and 261.
3
What is the greatest common divisor of 58 and 493?
29
Calculate the highest common divisor of 16 and 16.
16
What is the greatest common divisor of 2168 and 8?
8
What is the highest common factor of 13 and 442?
13
Calculate the highest common factor of 90 and 150.
30
Calculate the highest common factor of 65 and 4212.
13
What is the greatest common factor of 33604 and 124?
124
What is the greatest common divisor of 100 and 25180?
20
What is the highest common factor of 160 and 720?
80
Calculate the highest common factor of 688 and 774.
86
Calculate the highest common divisor of 6 and 258.
6
What is the greatest common factor of 30 and 390?
30
Calculate the greatest common factor of 14 and 2884.
14
Calculate the greatest common divisor of 901 and 34.
17
What is the highest common factor of 2 and 78?
2
Calculate the greatest common divisor of 426 and 102.
6
Calculate the highest common divisor of 182 and 767.
13
What is the highest common divisor of 22553 and 38?
19
What is the greatest common divisor of 1463 and 77?
77
What is the greatest common factor of 7 and 21?
7
Calculate the highest common factor of 357 and 294.
21
Calculate the highest common divisor of 80 and 1520.
80
What is the greatest common divisor of 144 and 90?
18
Calculate the greatest common factor of 8 and 1304.
8
What is the highest common factor of 48 and 1488?
48
What is the highest common divisor of 9207 and 1188?
297
Calculate the greatest common divisor of 6 and 6.
6
Calculate the highest common divisor of 4 and 3496.
4
What is the highest common divisor of 38 and 1026?
38
Calculate the greatest common factor of 23 and 483.
23
What is the greatest common factor of 16 and 496?
16
What is the greatest common divisor of 48 and 640?
16
What is the greatest common factor of 9580 and 10?
10
What is the greatest common divisor of 1969 and 11?
11
Calculate the highest common factor of 312 and 2712.
24
What is the greatest common factor of 657 and 584?
73
What is the greatest common divisor of 128 and 3?
1
What is the greatest common divisor of 45 and 81?
9
Calculate the highest common factor of 12 and 28.
4
What is the greatest common divisor of 160 and 100?
20
Calculate the greatest common factor of 108 and 288.
36
Calculate the highest common factor of 228 and 12.
12
What is the greatest common divisor of 2 and 298?
2
What is the greatest common divisor of 80 and 16?
16
Calculate the highest common divisor of 5664 and 16.
16
Calculate the highest common divisor of 8 and 648.
8
Calculate the highest common divisor of 1564 and 272.
68
Calculate the greatest common factor of 3165 and 15.
15
What is the greatest common factor of 37 and 185?
37
Calculate the greatest common factor of 11 and 759.
11
What is the greatest common divisor of 37 and 27?
1
What is the highest common factor of 114 and 6?
6
Calculate the highest common factor of 224 and 98.
14
Calculate the highest common factor of 105 and 1323.
21
Calculate the greatest common factor of 639 and 18.
9
What is the greatest common divisor of 6552 and 70?
14
Calculate the highest common divisor of 168 and 266.
14
Calculate the greatest common divisor of 195 and 650.
65
Calculate the highest common divisor of 2 and 9.
1
Calculate the highest common factor of 21093 and 267.
267
What is the greatest common divisor of 7 and 33215?
7
Calculate the highest common divisor of 1504 and 799.
47
Calculate the greatest common factor of 3382 and 38.
38
What is the highest common factor of 582 and 291?
291
Calculate the greatest common divisor of 880 and 80.
80
What is the greatest common divisor of 2146 and 37?
37
What is the greatest common factor of 212 and 14204?
212
What is the highest common divisor of 38 and 190?
38
What is the greatest common divisor of 16 and 2256?
16
What is the greatest common factor of 1411 and 332?
83
Calculate the greatest common factor of 128 and 32.
32
Calculate the highest common factor of 2 and 802.
2
Calculate the highest common divisor of 2449 and 310.
31
What is the greatest common divisor of 17 and 187?
17
Calculate the greatest common divisor of 996 and 108.
12
Calculate the greatest common factor of 170 and 34.
34
Calculate the highest common factor of 23124 and 423.
141
Calculate the greatest common factor of 2100 and 504.
84
What is the greatest common divisor of 256 and 848?
16
Calculate the greatest common factor of 136 and 56.
8
What is the greatest common divisor of 10595 and 715?
65
What is the highest common divisor of 2 and 94?
2
Calculate the greatest common divisor of 2592 and 144.
144
What is the highest common factor of 5251 and 59?
59
What is the highest common factor of 208 and 3224?
104
Calculate the highest common factor of 112 and 1232.
112
Calculate the greatest common divisor of 108 and 288.
36
What is the greatest common factor of 24 and 72?
24
Calculate the highest common factor of 9 and 10377.
9
Calculate the highest common divisor of 265 and 35.
5
What is the highest common divisor of 144 and 368?
16
Calculate the greatest common divisor of 28 and 42.
14
What is the greatest common divisor of 22 and 7843?
11
Calculate the greatest common factor of 11 and 7.
1
What is the highest common divisor of 11934 and 13?
13
Calculate the greatest common divisor of 14 and 34.
2
What is the greatest common factor of 1121 and 19?
19
Calculate the greatest common factor of 55 and 176.
11
What is the highest common factor of 120 and 345?
15
Calculate the greatest common factor of 400 and 160.
80
Calculate the highest common factor of 5 and 655.
5
What is the highest common divisor of 11 and 1408?
11
What is the highest common divisor of 45 and 30?
15
Calculate the highest common divisor of 27 and 27.
27
Calculate the highest common divisor of 19470 and 99.
33
What is the highest common factor of 15903 and 114?
57
What is the greatest common factor of 66 and 528?
66
What is the greatest common factor of 155 and 124?
31
What is the greatest common factor of 472 and 8?
8
Calculate the greatest common factor of 23 and 391.
23
Calculate the greatest common factor of 12 and 258.
6
What is the greatest common divisor of 88 and 6281?
11
Calculate the greatest common divisor of 102 and 2074.
34
What is the highest common divisor of 169 and 351?
13
What is the greatest common factor of 27 and 45?
9
What is the greatest common factor of 1 and 17?
1
Calculate the greatest common divisor of 192 and 20.
4
What is the greatest common divisor of 198 and 18?
18
What is the highest common divisor of 19 and 152?
19
What is the greatest common divisor of 4944 and 48?
48
What is the highest common factor of 627 and 924?
33
Calculate the greatest common divisor of 735 and 4704.
147
Calculate the highest common divisor of 61557 and 51.
51
Calculate the highest common factor of 114 and 168.
6
What is the highest common factor of 153 and 1326?
51
What is the greatest common divisor of 1696 and 1120?
32
Calculate the highest common divisor of 25 and 625.
25
Calculate the greatest common divisor of 68 and 1088.
68
Calculate the greatest common divisor of 12 and 10164.
12
Calculate the highest common factor of 1422 and 2528.
158
Calculate the highest common divisor of 100 and 125.
25
What is the greatest common divisor of 168 and 3112?
8
What is the highest common divisor of 116 and 9164?
116
What is 